{"version":"1.0","provider_name":"Boutique-Immobilien. Ihre ma\u00dfgeschneiderten Dienstleistungen","provider_url":"https:\/\/balearichomemallorca.com\/de\/","author_name":"Administrador","author_url":"https:\/\/balearichomemallorca.com\/de\/author\/administrador\/","title":"Designer-Apartment in der Altstadt von Palma - Boutique-Immobilien. Ihre ma\u00dfgeschneiderten Dienstleistungen","type":"rich","width":600,"height":338,"html":"<blockquote class=\"wp-embedded-content\" data-secret=\"0PTcejlH9l\"><a href=\"https:\/\/balearichomemallorca.com\/de\/properties\/designer-apartment-in-der-altstadt-von-palma\/\">Designer-Apartment in der Altstadt von Palma<\/a><\/blockquote><iframe sandbox=\"allow-scripts\" security=\"restricted\" src=\"https:\/\/balearichomemallorca.com\/de\/properties\/designer-apartment-in-der-altstadt-von-palma\/embed\/#?secret=0PTcejlH9l\" width=\"600\" height=\"338\" title=\"&#8222;Designer-Apartment in der Altstadt von Palma&#8220; &#8211; Boutique-Immobilien. Ihre ma\u00dfgeschneiderten Dienstleistungen\" data-secret=\"0PTcejlH9l\" frameborder=\"0\" marginwidth=\"0\" marginheight=\"0\" scrolling=\"no\" class=\"wp-embedded-content\"><\/iframe><script type=\"text\/javascript\">\n\/* <![CDATA[ *\/\n\/*! This file is auto-generated *\/\n!function(d,l){\"use strict\";l.querySelector&&d.addEventListener&&\"undefined\"!=typeof URL&&(d.wp=d.wp||{},d.wp.receiveEmbedMessage||(d.wp.receiveEmbedMessage=function(e){var t=e.data;if((t||t.secret||t.message||t.value)&&!\/[^a-zA-Z0-9]\/.test(t.secret)){for(var s,r,n,a=l.querySelectorAll('iframe[data-secret=\"'+t.secret+'\"]'),o=l.querySelectorAll('blockquote[data-secret=\"'+t.secret+'\"]'),c=new RegExp(\"^https?:$\",\"i\"),i=0;i<o.length;i++)o[i].style.display=\"none\";for(i=0;i<a.length;i++)s=a[i],e.source===s.contentWindow&&(s.removeAttribute(\"style\"),\"height\"===t.message?(1e3<(r=parseInt(t.value,10))?r=1e3:~~r<200&&(r=200),s.height=r):\"link\"===t.message&&(r=new URL(s.getAttribute(\"src\")),n=new URL(t.value),c.test(n.protocol))&&n.host===r.host&&l.activeElement===s&&(d.top.location.href=t.value))}},d.addEventListener(\"message\",d.wp.receiveEmbedMessage,!1),l.addEventListener(\"DOMContentLoaded\",function(){for(var e,t,s=l.querySelectorAll(\"iframe.wp-embedded-content\"),r=0;r<s.length;r++)(t=(e=s[r]).getAttribute(\"data-secret\"))||(t=Math.random().toString(36).substring(2,12),e.src+=\"#?secret=\"+t,e.setAttribute(\"data-secret\",t)),e.contentWindow.postMessage({message:\"ready\",secret:t},\"*\")},!1)))}(window,document);\n\/\/# sourceURL=https:\/\/balearichomemallorca.com\/wp-includes\/js\/wp-embed.min.js\n\/* ]]> *\/\n<\/script>\n","thumbnail_url":"https:\/\/balearichomemallorca.com\/wp-content\/uploads\/2026\/02\/Mark00027.jpeg","thumbnail_width":1519,"thumbnail_height":1013,"description":"Diese bezaubernde Immobilie befindet sich in der N\u00e4he der Rambla, in einer sehr ruhigen Stra\u00dfe. Sie ist Teil einer Gemeinschaft von 10 Nachbarn in einem historischen Geb\u00e4ude ohne Aufzug (obwohl die M\u00f6glichkeit besteht, einen Aufzug einzubauen, was bereits von den Nachbarn genehmigt wurde). Die Wohnung wurde sorgf\u00e4ltig renoviert, wobei hochwertige Materialien verwendet und jedes Detail in Bezug auf Design und Komfort ber\u00fccksichtigt wurde. Sie ..."}

Boutique-Immobilien. Ihre maßgeschneiderten Dienstleistungen

Designer-Apartment in der Altstadt von Palma - Boutique-Immobilien. Ihre maßgeschneiderten Dienstleistungen

<blockquote class="wp-embedded-content" data-secret="0PTcejlH9l"><a href="https://balearichomemallorca.com/de/properties/designer-apartment-in-der-altstadt-von-palma/">Designer-Apartment in der Altstadt von Palma</a></blockquote><iframe sandbox="allow-scripts" security="restricted" src="https://balearichomemallorca.com/de/properties/designer-apartment-in-der-altstadt-von-palma/embed/#?secret=0PTcejlH9l" width="600" height="338" title="&#8222;Designer-Apartment in der Altstadt von Palma&#8220; &#8211; Boutique-Immobilien. Ihre maßgeschneiderten Dienstleistungen" data-secret="0PTcejlH9l" frameborder="0" marginwidth="0" marginheight="0" scrolling="no" class="wp-embedded-content"></iframe><script type="text/javascript">
/* <![CDATA[ */
/*! This file is auto-generated */
!function(d,l){"use strict";l.querySelector&&d.addEventListener&&"undefined"!=typeof URL&&(d.wp=d.wp||{},d.wp.receiveEmbedMessage||(d.wp.receiveEmbedMessage=function(e){var t=e.data;if((t||t.secret||t.message||t.value)&&!/[^a-zA-Z0-9]/.test(t.secret)){for(var s,r,n,a=l.querySelectorAll('iframe[data-secret="'+t.secret+'"]'),o=l.querySelectorAll('blockquote[data-secret="'+t.secret+'"]'),c=new RegExp("^https?:$","i"),i=0;i<o.length;i++)o[i].style.display="none";for(i=0;i<a.length;i++)s=a[i],e.source===s.contentWindow&&(s.removeAttribute("style"),"height"===t.message?(1e3<(r=parseInt(t.value,10))?r=1e3:~~r<200&&(r=200),s.height=r):"link"===t.message&&(r=new URL(s.getAttribute("src")),n=new URL(t.value),c.test(n.protocol))&&n.host===r.host&&l.activeElement===s&&(d.top.location.href=t.value))}},d.addEventListener("message",d.wp.receiveEmbedMessage,!1),l.addEventListener("DOMContentLoaded",function(){for(var e,t,s=l.querySelectorAll("iframe.wp-embedded-content"),r=0;r<s.length;r++)(t=(e=s[r]).getAttribute("data-secret"))||(t=Math.random().toString(36).substring(2,12),e.src+="#?secret="+t,e.setAttribute("data-secret",t)),e.contentWindow.postMessage({message:"ready",secret:t},"*")},!1)))}(window,document);
//# sourceURL=https://balearichomemallorca.com/wp-includes/js/wp-embed.min.js
/* ]]> */
</script>

Diese bezaubernde Immobilie befindet sich in der Nähe der Rambla, in einer sehr ruhigen Straße. Sie ist Teil einer Gemeinschaft von 10 Nachbarn in einem historischen Gebäude ohne Aufzug (obwohl die Möglichkeit besteht, einen Aufzug einzubauen, was bereits von den Nachbarn genehmigt wurde). Die Wohnung wurde sorgfältig renoviert, wobei hochwertige Materialien verwendet und jedes Detail in Bezug auf Design und Komfort berücksichtigt wurde. Sie ...
