{"version":"1.0","provider_name":"Inmobiliaria Boutique. Sus servicios a medida.","provider_url":"https:\/\/balearichomemallorca.com\/es\/","author_name":"Administrador","author_url":"https:\/\/balearichomemallorca.com\/es\/author\/administrador\/","title":"Fantastic Apartment by Plaza Espa\u00f1a with Open Views - Inmobiliaria Boutique. Sus servicios a medida.","type":"rich","width":600,"height":338,"html":"<blockquote class=\"wp-embedded-content\" data-secret=\"spOc2sdiu2\"><a href=\"https:\/\/balearichomemallorca.com\/es\/properties\/fantastic-apartment-by-plaza-espana-with-open-views\/\">Fantastic Apartment by Plaza Espa\u00f1a with Open Views<\/a><\/blockquote><iframe sandbox=\"allow-scripts\" security=\"restricted\" src=\"https:\/\/balearichomemallorca.com\/es\/properties\/fantastic-apartment-by-plaza-espana-with-open-views\/embed\/#?secret=spOc2sdiu2\" width=\"600\" height=\"338\" title=\"\u00abFantastic Apartment by Plaza Espa\u00f1a with Open Views\u00bb \u2014 Inmobiliaria Boutique. Sus servicios a medida.\" data-secret=\"spOc2sdiu2\" frameborder=\"0\" marginwidth=\"0\" marginheight=\"0\" scrolling=\"no\" class=\"wp-embedded-content\"><\/iframe><script type=\"text\/javascript\">\n\/* <![CDATA[ *\/\n\/*! This file is auto-generated *\/\n!function(d,l){\"use strict\";l.querySelector&&d.addEventListener&&\"undefined\"!=typeof URL&&(d.wp=d.wp||{},d.wp.receiveEmbedMessage||(d.wp.receiveEmbedMessage=function(e){var t=e.data;if((t||t.secret||t.message||t.value)&&!\/[^a-zA-Z0-9]\/.test(t.secret)){for(var s,r,n,a=l.querySelectorAll('iframe[data-secret=\"'+t.secret+'\"]'),o=l.querySelectorAll('blockquote[data-secret=\"'+t.secret+'\"]'),c=new RegExp(\"^https?:$\",\"i\"),i=0;i<o.length;i++)o[i].style.display=\"none\";for(i=0;i<a.length;i++)s=a[i],e.source===s.contentWindow&&(s.removeAttribute(\"style\"),\"height\"===t.message?(1e3<(r=parseInt(t.value,10))?r=1e3:~~r<200&&(r=200),s.height=r):\"link\"===t.message&&(r=new URL(s.getAttribute(\"src\")),n=new URL(t.value),c.test(n.protocol))&&n.host===r.host&&l.activeElement===s&&(d.top.location.href=t.value))}},d.addEventListener(\"message\",d.wp.receiveEmbedMessage,!1),l.addEventListener(\"DOMContentLoaded\",function(){for(var e,t,s=l.querySelectorAll(\"iframe.wp-embedded-content\"),r=0;r<s.length;r++)(t=(e=s[r]).getAttribute(\"data-secret\"))||(t=Math.random().toString(36).substring(2,12),e.src+=\"#?secret=\"+t,e.setAttribute(\"data-secret\",t)),e.contentWindow.postMessage({message:\"ready\",secret:t},\"*\")},!1)))}(window,document);\n\/\/# sourceURL=https:\/\/balearichomemallorca.com\/wp-includes\/js\/wp-embed.min.js\n\/* ]]> *\/\n<\/script>\n","thumbnail_url":"https:\/\/balearichomemallorca.com\/wp-content\/uploads\/2025\/10\/1-1-1024x683.jpg","thumbnail_width":1024,"thumbnail_height":683,"description":"Este espacioso apartamento, situado junto a la Plaza Espa\u00f1a, ofrece unas preciosas vistas abiertas al Parque de ses Estacions. Con una superficie construida total de 180 m\u00b2, la propiedad cuenta con un amplio vest\u00edbulo de entrada, un luminoso y espacioso sal\u00f3n-comedor con acceso a la terraza, cuatro dormitorios dobles y dos ba\u00f1os (uno de ellos en suite). La cocina, totalmente amueblada y equipada, tiene ..."}

Fantastic Apartment by Plaza España with Open Views - Inmobiliaria Boutique. Sus servicios a medida.

<blockquote class="wp-embedded-content" data-secret="spOc2sdiu2"><a href="https://balearichomemallorca.com/es/properties/fantastic-apartment-by-plaza-espana-with-open-views/">Fantastic Apartment by Plaza España with Open Views</a></blockquote><iframe sandbox="allow-scripts" security="restricted" src="https://balearichomemallorca.com/es/properties/fantastic-apartment-by-plaza-espana-with-open-views/embed/#?secret=spOc2sdiu2" width="600" height="338" title="«Fantastic Apartment by Plaza España with Open Views» — Inmobiliaria Boutique. Sus servicios a medida." data-secret="spOc2sdiu2" frameborder="0" marginwidth="0" marginheight="0" scrolling="no" class="wp-embedded-content"></iframe><script type="text/javascript">
/* <![CDATA[ */
/*! This file is auto-generated */
!function(d,l){"use strict";l.querySelector&&d.addEventListener&&"undefined"!=typeof URL&&(d.wp=d.wp||{},d.wp.receiveEmbedMessage||(d.wp.receiveEmbedMessage=function(e){var t=e.data;if((t||t.secret||t.message||t.value)&&!/[^a-zA-Z0-9]/.test(t.secret)){for(var s,r,n,a=l.querySelectorAll('iframe[data-secret="'+t.secret+'"]'),o=l.querySelectorAll('blockquote[data-secret="'+t.secret+'"]'),c=new RegExp("^https?:$","i"),i=0;i<o.length;i++)o[i].style.display="none";for(i=0;i<a.length;i++)s=a[i],e.source===s.contentWindow&&(s.removeAttribute("style"),"height"===t.message?(1e3<(r=parseInt(t.value,10))?r=1e3:~~r<200&&(r=200),s.height=r):"link"===t.message&&(r=new URL(s.getAttribute("src")),n=new URL(t.value),c.test(n.protocol))&&n.host===r.host&&l.activeElement===s&&(d.top.location.href=t.value))}},d.addEventListener("message",d.wp.receiveEmbedMessage,!1),l.addEventListener("DOMContentLoaded",function(){for(var e,t,s=l.querySelectorAll("iframe.wp-embedded-content"),r=0;r<s.length;r++)(t=(e=s[r]).getAttribute("data-secret"))||(t=Math.random().toString(36).substring(2,12),e.src+="#?secret="+t,e.setAttribute("data-secret",t)),e.contentWindow.postMessage({message:"ready",secret:t},"*")},!1)))}(window,document);
//# sourceURL=https://balearichomemallorca.com/wp-includes/js/wp-embed.min.js
/* ]]> */
</script>

Este espacioso apartamento, situado junto a la Plaza España, ofrece unas preciosas vistas abiertas al Parque de ses Estacions. Con una superficie construida total de 180 m², la propiedad cuenta con un amplio vestíbulo de entrada, un luminoso y espacioso salón-comedor con acceso a la terraza, cuatro dormitorios dobles y dos baños (uno de ellos en suite). La cocina, totalmente amueblada y equipada, tiene ...
